{"id":233,"date":"2023-03-31T13:41:01","date_gmt":"2023-03-31T16:41:01","guid":{"rendered":"https:\/\/topvalle.com.br\/?post_type=product&#038;p=233"},"modified":"2023-04-03T12:30:15","modified_gmt":"2023-04-03T15:30:15","slug":"aparador-de-grama-eletrico-master-at-1500","status":"publish","type":"product","link":"https:\/\/topvalle.com.br\/index.php\/produto\/aparador-de-grama-eletrico-master-at-1500\/","title":{"rendered":"Aparador de Grama El\u00e9trico &#8211; MASTER AT-1500"},"content":{"rendered":"<p>Ideal para acabamentos em jardins, bordas de canteiros, rente a \u00e1rvores, entre<br \/>\nplantas e flores, junto a cal\u00e7adas, muros e outros obst\u00e1culos, como tamb\u00e9m para<br \/>\ncortar grama em \u00e1reas de at\u00e9 100 m\u00b2.<br \/>\nPunho de sustenta\u00e7\u00e3o com ajuste regul\u00e1vel.<br \/>\nTrava para extens\u00e3o el\u00e9trica.<br \/>\nFio de nylon para o corte de grama com avan\u00e7o autom\u00e1tico.<br \/>\nMotor universal (escovas) com duplo rolamento blindado e tecnologia UL<br \/>\n(Ultra Light), motores mais leves.<br \/>\nGarantia: 12 meses (3 meses garantia legal, 9 meses garantia especial TRAPP).<\/p>\n","protected":false},"excerpt":{"rendered":"<p>Ideal para acabamentos em jardins, bordas de canteiros, rente a \u00e1rvores, entre<br \/>\nplantas e flores, junto a cal\u00e7adas, muros e outros obst\u00e1culos, como tamb\u00e9m para<br \/>\ncortar grama em \u00e1reas de at\u00e9 100 m\u00b2.<\/p>\n","protected":false},"featured_media":234,"comment_status":"open","ping_status":"closed","template":"","meta":[],"product_cat":[35,33],"product_tag":[],"_links":{"self":[{"href":"https:\/\/topvalle.com.br\/index.php\/wp-json\/wp\/v2\/product\/233"}],"collection":[{"href":"https:\/\/topvalle.com.br\/index.php\/wp-json\/wp\/v2\/product"}],"about":[{"href":"https:\/\/topvalle.com.br\/index.php\/wp-json\/wp\/v2\/types\/product"}],"replies":[{"embeddable":true,"href":"https:\/\/topvalle.com.br\/index.php\/wp-json\/wp\/v2\/comments?post=233"}],"wp:featuredmedia":[{"embeddable":true,"href":"https:\/\/topvalle.com.br\/index.php\/wp-json\/wp\/v2\/media\/234"}],"wp:attachment":[{"href":"https:\/\/topvalle.com.br\/index.php\/wp-json\/wp\/v2\/media?parent=233"}],"wp:term":[{"taxonomy":"product_cat","embeddable":true,"href":"https:\/\/topvalle.com.br\/index.php\/wp-json\/wp\/v2\/product_cat?post=233"},{"taxonomy":"product_tag","embeddable":true,"href":"https:\/\/topvalle.com.br\/index.php\/wp-json\/wp\/v2\/product_tag?post=233"}],"curies":[{"name":"wp","href":"https:\/\/api.w.org\/{rel}","templated":true}]}}