{"id":244,"date":"2023-03-31T14:19:25","date_gmt":"2023-03-31T17:19:25","guid":{"rendered":"https:\/\/topvalle.com.br\/?post_type=product&#038;p=244"},"modified":"2023-11-29T04:39:01","modified_gmt":"2023-11-29T07:39:01","slug":"mc-60e-cortador-de-grama-eletrico","status":"publish","type":"product","link":"https:\/\/topvalle.com.br\/index.php\/produto\/mc-60e-cortador-de-grama-eletrico\/","title":{"rendered":"MC-60E Cortador de Grama El\u00e9trico"},"content":{"rendered":"<p>Recomendados para jardins residenciais, parques, campos de futebol ou \u00e1reas de aproximadamente 800 m\u00b2.<br \/>\nEquipados com bot\u00e3o trava de seguran\u00e7a que impede o acionamento acidental da m\u00e1quina, liberando a partida do motor somente quando pressionado.<br \/>\nCabo ergon\u00f4mico para maior conforto do operador, dobr\u00e1vel, facilitando o transporte e armazenamento.<br \/>\nTrava para extens\u00e3o el\u00e9trica.<br \/>\nRodas de polietileno de alta densidade, revestidas com PVC.<br \/>\nMotores de indu\u00e7\u00e3o, monof\u00e1sicos de 2 polos, instalados num compartimento de polietileno de alta densidade (para prote\u00e7\u00e3o contra descargas el\u00e9tricas).<br \/>\nBase em chapa de a\u00e7o de 1,9 mm de espessura.<br \/>\nL\u00e2mina em a\u00e7o especial com espessura de 3 mm, com t\u00eampera por indu\u00e7\u00e3o no fio de corte.<\/p>\n","protected":false},"excerpt":{"rendered":"<p>Recomendados para jardins residenciais, parques, campos de futebol ou \u00e1reas de aproximadamente 800 m\u00b2.<br \/>\nEquipados com bot\u00e3o trava de seguran\u00e7a que impede o acionamento acidental da m\u00e1quina, liberando a partida do motor somente quando pressionado.<\/p>\n","protected":false},"featured_media":245,"comment_status":"open","ping_status":"closed","template":"","meta":[],"product_cat":[37,33],"product_tag":[],"_links":{"self":[{"href":"https:\/\/topvalle.com.br\/index.php\/wp-json\/wp\/v2\/product\/244"}],"collection":[{"href":"https:\/\/topvalle.com.br\/index.php\/wp-json\/wp\/v2\/product"}],"about":[{"href":"https:\/\/topvalle.com.br\/index.php\/wp-json\/wp\/v2\/types\/product"}],"replies":[{"embeddable":true,"href":"https:\/\/topvalle.com.br\/index.php\/wp-json\/wp\/v2\/comments?post=244"}],"wp:featuredmedia":[{"embeddable":true,"href":"https:\/\/topvalle.com.br\/index.php\/wp-json\/wp\/v2\/media\/245"}],"wp:attachment":[{"href":"https:\/\/topvalle.com.br\/index.php\/wp-json\/wp\/v2\/media?parent=244"}],"wp:term":[{"taxonomy":"product_cat","embeddable":true,"href":"https:\/\/topvalle.com.br\/index.php\/wp-json\/wp\/v2\/product_cat?post=244"},{"taxonomy":"product_tag","embeddable":true,"href":"https:\/\/topvalle.com.br\/index.php\/wp-json\/wp\/v2\/product_tag?post=244"}],"curies":[{"name":"wp","href":"https:\/\/api.w.org\/{rel}","templated":true}]}}