{"id":296,"date":"2023-03-31T15:21:59","date_gmt":"2023-03-31T18:21:59","guid":{"rendered":"https:\/\/topvalle.com.br\/?post_type=product&#038;p=296"},"modified":"2023-04-03T12:28:33","modified_gmt":"2023-04-03T15:28:33","slug":"soprador-costal-gasolina-tb57b","status":"publish","type":"product","link":"https:\/\/topvalle.com.br\/index.php\/produto\/soprador-costal-gasolina-tb57b\/","title":{"rendered":"SOPRADOR COSTAL GASOLINA \u2013 TB57B"},"content":{"rendered":"<p>O Soprador Lateral Toyama TB57B, foi desenvolvido para o uso frequente. \u00c9 equipado com motor 2 tempos de 56,5 cc. Ideal para realizar a varredura de materiais em trabalhos di\u00e1rios, onde \u00e9 necess\u00e1ria uma forte rajada de vento. Possui um fluxo de ar constante e incompar\u00e1vel. A m\u00e1quina \u00e9 leve e conta com encosto e al\u00e7as acolchoadas para melhor conforto do operador. Sua utiliza\u00e7\u00e3o \u00e9 m\u00faltipla e cada vez mais constante em v\u00e1rias situa\u00e7\u00f5es.<br \/>\nAtende as demandas frequentes, sendo indicado para atividades como: limpeza de folhas, detritos, pequenas part\u00edculas de sujeiras em cal\u00e7adas ou em outros ambientes onde houver a necessidade.<\/p>\n","protected":false},"excerpt":{"rendered":"<p>O Soprador Lateral Toyama TB57B, foi desenvolvido para o uso frequente. \u00c9 equipado com motor 2 tempos de 56,5 cc. Ideal para realizar a varredura de materiais em trabalhos di\u00e1rios, onde \u00e9 necess\u00e1ria uma forte rajada de vento.<\/p>\n","protected":false},"featured_media":297,"comment_status":"open","ping_status":"closed","template":"","meta":[],"product_cat":[43,42],"product_tag":[],"_links":{"self":[{"href":"https:\/\/topvalle.com.br\/index.php\/wp-json\/wp\/v2\/product\/296"}],"collection":[{"href":"https:\/\/topvalle.com.br\/index.php\/wp-json\/wp\/v2\/product"}],"about":[{"href":"https:\/\/topvalle.com.br\/index.php\/wp-json\/wp\/v2\/types\/product"}],"replies":[{"embeddable":true,"href":"https:\/\/topvalle.com.br\/index.php\/wp-json\/wp\/v2\/comments?post=296"}],"wp:featuredmedia":[{"embeddable":true,"href":"https:\/\/topvalle.com.br\/index.php\/wp-json\/wp\/v2\/media\/297"}],"wp:attachment":[{"href":"https:\/\/topvalle.com.br\/index.php\/wp-json\/wp\/v2\/media?parent=296"}],"wp:term":[{"taxonomy":"product_cat","embeddable":true,"href":"https:\/\/topvalle.com.br\/index.php\/wp-json\/wp\/v2\/product_cat?post=296"},{"taxonomy":"product_tag","embeddable":true,"href":"https:\/\/topvalle.com.br\/index.php\/wp-json\/wp\/v2\/product_tag?post=296"}],"curies":[{"name":"wp","href":"https:\/\/api.w.org\/{rel}","templated":true}]}}