{"id":312,"date":"2023-04-02T18:48:58","date_gmt":"2023-04-02T21:48:58","guid":{"rendered":"https:\/\/topvalle.com.br\/?post_type=product&#038;p=312"},"modified":"2023-04-03T12:27:03","modified_gmt":"2023-04-03T15:27:03","slug":"sf-3000","status":"publish","type":"product","link":"https:\/\/topvalle.com.br\/index.php\/produto\/sf-3000\/","title":{"rendered":"SF-3000"},"content":{"rendered":"<p>Conhe\u00e7a detalhes que garantem um melhor desempenho, mais efici\u00eancia e versatilidade do soprador\/aspirador TRAPP.<br \/>\nPossui sistema de seguran\u00e7a que permite ligar o equipamento somente com o tubo telesc\u00f3pico totalmente encaixado.<br \/>\nTrava para extens\u00e3o el\u00e9trica.<br \/>\nAlavanca reversora.<br \/>\nRodas para apoiar o equipamento no solo.<br \/>\nSuporte para os ombros.<br \/>\nSaco recolhedor de 32 litros.<br \/>\nF\u00e1cil limpeza do saco de detritos.<br \/>\nMotor de escovas.<br \/>\nGarantia: 6 meses (3 meses garantia legal, 3 meses garantia especial TRAPP).<br \/>\nAten\u00e7\u00e3o: N\u00e3o aspirar res\u00edduos s\u00f3lidos, como pedras, vidros, ossos, p\u00f3, etc.<\/p>\n","protected":false},"excerpt":{"rendered":"<p>Conhe\u00e7a detalhes que garantem um melhor desempenho, mais efici\u00eancia e versatilidade do soprador\/aspirador TRAPP.<br \/>\nPossui sistema de seguran\u00e7a que permite ligar o equipamento somente com o tubo telesc\u00f3pico totalmente encaixado.<\/p>\n","protected":false},"featured_media":313,"comment_status":"open","ping_status":"closed","template":"","meta":[],"product_cat":[46,42],"product_tag":[],"_links":{"self":[{"href":"https:\/\/topvalle.com.br\/index.php\/wp-json\/wp\/v2\/product\/312"}],"collection":[{"href":"https:\/\/topvalle.com.br\/index.php\/wp-json\/wp\/v2\/product"}],"about":[{"href":"https:\/\/topvalle.com.br\/index.php\/wp-json\/wp\/v2\/types\/product"}],"replies":[{"embeddable":true,"href":"https:\/\/topvalle.com.br\/index.php\/wp-json\/wp\/v2\/comments?post=312"}],"wp:featuredmedia":[{"embeddable":true,"href":"https:\/\/topvalle.com.br\/index.php\/wp-json\/wp\/v2\/media\/313"}],"wp:attachment":[{"href":"https:\/\/topvalle.com.br\/index.php\/wp-json\/wp\/v2\/media?parent=312"}],"wp:term":[{"taxonomy":"product_cat","embeddable":true,"href":"https:\/\/topvalle.com.br\/index.php\/wp-json\/wp\/v2\/product_cat?post=312"},{"taxonomy":"product_tag","embeddable":true,"href":"https:\/\/topvalle.com.br\/index.php\/wp-json\/wp\/v2\/product_tag?post=312"}],"curies":[{"name":"wp","href":"https:\/\/api.w.org\/{rel}","templated":true}]}}