{"id":345,"date":"2023-04-02T19:18:12","date_gmt":"2023-04-02T22:18:12","guid":{"rendered":"https:\/\/topvalle.com.br\/?post_type=product&#038;p=345"},"modified":"2023-04-03T12:23:52","modified_gmt":"2023-04-03T15:23:52","slug":"motor-a-gasolina-ae420b","status":"publish","type":"product","link":"https:\/\/topvalle.com.br\/index.php\/produto\/motor-a-gasolina-ae420b\/","title":{"rendered":"MOTOR A GASOLINA \u2013 AE420B"},"content":{"rendered":"<p>O Motor Gasolina Refrigerado a Ar Maruyama AE420B foi projetado para uso profissional. Possui 1,9 HP de pot\u00eancia m\u00e1xima a 10000 RPM. Este motor 2 tempos \u00e9 forte, suave e silencioso. Apresenta um design leve, baixo ru\u00eddo e economia de combust\u00edvel aprimorada, o torna extremamente flex\u00edvel. Atende as demandas profissionais podendo ser acoplado em: ro\u00e7adeiras, derri\u00e7adeiras, aparadores de grama e entre outras situa\u00e7\u00f5es onde se fizer necess\u00e1rio.<\/p>\n","protected":false},"excerpt":{"rendered":"<p>O Motor Gasolina Refrigerado a Ar Maruyama AE420B foi projetado para uso profissional. Possui 1,9 HP de pot\u00eancia m\u00e1xima a 10000 RPM. Este motor 2 tempos \u00e9 forte, suave e silencioso.<\/p>\n","protected":false},"featured_media":346,"comment_status":"open","ping_status":"closed","template":"","meta":[],"product_cat":[57,56],"product_tag":[],"_links":{"self":[{"href":"https:\/\/topvalle.com.br\/index.php\/wp-json\/wp\/v2\/product\/345"}],"collection":[{"href":"https:\/\/topvalle.com.br\/index.php\/wp-json\/wp\/v2\/product"}],"about":[{"href":"https:\/\/topvalle.com.br\/index.php\/wp-json\/wp\/v2\/types\/product"}],"replies":[{"embeddable":true,"href":"https:\/\/topvalle.com.br\/index.php\/wp-json\/wp\/v2\/comments?post=345"}],"wp:featuredmedia":[{"embeddable":true,"href":"https:\/\/topvalle.com.br\/index.php\/wp-json\/wp\/v2\/media\/346"}],"wp:attachment":[{"href":"https:\/\/topvalle.com.br\/index.php\/wp-json\/wp\/v2\/media?parent=345"}],"wp:term":[{"taxonomy":"product_cat","embeddable":true,"href":"https:\/\/topvalle.com.br\/index.php\/wp-json\/wp\/v2\/product_cat?post=345"},{"taxonomy":"product_tag","embeddable":true,"href":"https:\/\/topvalle.com.br\/index.php\/wp-json\/wp\/v2\/product_tag?post=345"}],"curies":[{"name":"wp","href":"https:\/\/api.w.org\/{rel}","templated":true}]}}