{"id":768,"date":"2023-04-11T22:42:31","date_gmt":"2023-04-12T01:42:31","guid":{"rendered":"https:\/\/topvalle.com.br\/?post_type=product&#038;p=768"},"modified":"2023-04-11T22:42:31","modified_gmt":"2023-04-12T01:42:31","slug":"motobomba-submersa-tipo-caneta-esub-4","status":"publish","type":"product","link":"https:\/\/topvalle.com.br\/index.php\/produto\/motobomba-submersa-tipo-caneta-esub-4\/","title":{"rendered":"MOTOBOMBA SUBMERSA TIPO CANETA &#8211; ESUB-4"},"content":{"rendered":"<p>Equipamento voltado para uso em po\u00e7os profundos para irriga\u00e7\u00e3o, abastecimento de cisternas e caixas d\u2019agua.<\/p>\n<p>\u2022 Produto voltado para bombeamento de \u00e1gua isenta de s\u00f3lidos;<br \/>\n\u2022 Produto equipado com rotores em poliacetal proporcionando maior durabilidade;<\/p>\n<p>&nbsp;<\/p>\n<p>ESUB-4\/5<br \/>\nTens\u00e3o\/C\u00f3digo: 110-127V (C\u00f3d.: 33980.6)<br \/>\n220-254V (C\u00f3d.: 33981.4)<\/p>\n<p>Pot\u00eancia: 1\/2 cv<\/p>\n<p>N\u00famero de est\u00e1gios: 5<\/p>\n<p>Di\u00e2metro do Rotor: 75 mm<\/p>\n<p>Di\u00e2metro de Recalque: 1.1\/4<\/p>\n<p>&nbsp;<\/p>\n<p>ESUB-4\/7<br \/>\nTens\u00e3o\/C\u00f3digo: 110-127V (C\u00f3d.: 33982.2)<br \/>\n220-254V (C\u00f3d.: 33983.9)<\/p>\n<p>Pot\u00eancia: 3\/4 cv<\/p>\n<p>N\u00famero de est\u00e1gios: 7<\/p>\n<p>Di\u00e2metro do Rotor: 75 mm<\/p>\n<p>Di\u00e2metro de Recalque: 1.1\/4<\/p>\n","protected":false},"excerpt":{"rendered":"<p>Equipamento voltado para uso em po\u00e7os profundos para irriga\u00e7\u00e3o, abastecimento de cisternas e caixas d\u2019agua.<\/p>\n<p>\u2022 Produto voltado para bombeamento de \u00e1gua isenta de s\u00f3lidos;<br \/>\n\u2022 Produto equipado com rotores em poliacetal proporcionando maior durabilidade;<\/p>\n","protected":false},"featured_media":769,"comment_status":"open","ping_status":"closed","template":"","meta":[],"product_cat":[63,56],"product_tag":[],"_links":{"self":[{"href":"https:\/\/topvalle.com.br\/index.php\/wp-json\/wp\/v2\/product\/768"}],"collection":[{"href":"https:\/\/topvalle.com.br\/index.php\/wp-json\/wp\/v2\/product"}],"about":[{"href":"https:\/\/topvalle.com.br\/index.php\/wp-json\/wp\/v2\/types\/product"}],"replies":[{"embeddable":true,"href":"https:\/\/topvalle.com.br\/index.php\/wp-json\/wp\/v2\/comments?post=768"}],"wp:featuredmedia":[{"embeddable":true,"href":"https:\/\/topvalle.com.br\/index.php\/wp-json\/wp\/v2\/media\/769"}],"wp:attachment":[{"href":"https:\/\/topvalle.com.br\/index.php\/wp-json\/wp\/v2\/media?parent=768"}],"wp:term":[{"taxonomy":"product_cat","embeddable":true,"href":"https:\/\/topvalle.com.br\/index.php\/wp-json\/wp\/v2\/product_cat?post=768"},{"taxonomy":"product_tag","embeddable":true,"href":"https:\/\/topvalle.com.br\/index.php\/wp-json\/wp\/v2\/product_tag?post=768"}],"curies":[{"name":"wp","href":"https:\/\/api.w.org\/{rel}","templated":true}]}}