{"id":789,"date":"2023-04-11T23:05:06","date_gmt":"2023-04-12T02:05:06","guid":{"rendered":"https:\/\/topvalle.com.br\/?post_type=product&#038;p=789"},"modified":"2023-04-11T23:05:06","modified_gmt":"2023-04-12T02:05:06","slug":"micro-trator-diesel-tdwt73","status":"publish","type":"product","link":"https:\/\/topvalle.com.br\/index.php\/produto\/micro-trator-diesel-tdwt73\/","title":{"rendered":"MICRO TRATOR DIESEL \u2013 TDWT73"},"content":{"rendered":"<p>como um meio de tra\u00e7\u00e3o, bem como de acionamento.<\/p>\n<p>\u00c9 caracterizado pela sua estrutura simples e compacta, boa confiabilidade, longa vida \u00fatil, ampla produ\u00e7\u00e3o, baixo peso e boa capacidade de tra\u00e7\u00e3o.<br \/>\nEquipado com motor a Diesel de 13 HP de pot\u00eancia m\u00e1xima, refrigerado a \u00e1gua. Possui partida manual. A m\u00e1quina disponibiliza \u00f3tima pot\u00eancia e torque, com um baixo consumo de combust\u00edvel.<br \/>\nPossui um c\u00e2mbio com 6 marchas para frente e 2 para tr\u00e1s. Seu centro de gravidade \u00e9 bem equilibrado, que proporciona excelente estabilidade em qualquer tipo de opera\u00e7\u00e3o. Conta com um farol frontal que auxilia a execu\u00e7\u00e3o de trabalhos noturnos. Nesse microtrator pode ser acoplado diversos tipos implementos como carretas, ro\u00e7adeiras, sulcadores e entre outros, o que torna um produto para variadas aplica\u00e7\u00f5es.<br \/>\nAdequado para uso em arrozais, campos secos, pomares, hortas em terrenos planos ou acidentados com pouca inclina\u00e7\u00e3o, pode ser usado para arar o solo, auxiliar em colheitas, transportes e etc.<br \/>\nTenha um elevado rendimento de trabalho utilizando o Microtrator Toyama TDWT73.<\/p>\n","protected":false},"excerpt":{"rendered":"<p>como um meio de tra\u00e7\u00e3o, bem como de acionamento.<\/p>\n<p>\u00c9 caracterizado pela sua estrutura simples e compacta, boa confiabilidade, longa vida \u00fatil, ampla produ\u00e7\u00e3o, baixo peso e boa capacidade de tra\u00e7\u00e3o.<\/p>\n","protected":false},"featured_media":790,"comment_status":"open","ping_status":"closed","template":"","meta":[],"product_cat":[68,69],"product_tag":[],"_links":{"self":[{"href":"https:\/\/topvalle.com.br\/index.php\/wp-json\/wp\/v2\/product\/789"}],"collection":[{"href":"https:\/\/topvalle.com.br\/index.php\/wp-json\/wp\/v2\/product"}],"about":[{"href":"https:\/\/topvalle.com.br\/index.php\/wp-json\/wp\/v2\/types\/product"}],"replies":[{"embeddable":true,"href":"https:\/\/topvalle.com.br\/index.php\/wp-json\/wp\/v2\/comments?post=789"}],"wp:featuredmedia":[{"embeddable":true,"href":"https:\/\/topvalle.com.br\/index.php\/wp-json\/wp\/v2\/media\/790"}],"wp:attachment":[{"href":"https:\/\/topvalle.com.br\/index.php\/wp-json\/wp\/v2\/media?parent=789"}],"wp:term":[{"taxonomy":"product_cat","embeddable":true,"href":"https:\/\/topvalle.com.br\/index.php\/wp-json\/wp\/v2\/product_cat?post=789"},{"taxonomy":"product_tag","embeddable":true,"href":"https:\/\/topvalle.com.br\/index.php\/wp-json\/wp\/v2\/product_tag?post=789"}],"curies":[{"name":"wp","href":"https:\/\/api.w.org\/{rel}","templated":true}]}}