{"id":791,"date":"2023-04-11T23:07:17","date_gmt":"2023-04-12T02:07:17","guid":{"rendered":"https:\/\/topvalle.com.br\/?post_type=product&#038;p=791"},"modified":"2023-12-22T18:35:02","modified_gmt":"2023-12-22T21:35:02","slug":"motocultivador-a-gasolina-4-tempos-gmc-7000","status":"publish","type":"product","link":"https:\/\/topvalle.com.br\/index.php\/produto\/motocultivador-a-gasolina-4-tempos-gmc-7000\/","title":{"rendered":"MOTOCULTIVADOR \u00c0 GASOLINA &#8211; 4 TEMPOS &#8211; GMC-7000"},"content":{"rendered":"<p>O Microtrator Toyama TDWT73, foi projetado para uso frequente, destacando-se pela sua pot\u00eancia, robustez e f\u00e1cil opera\u00e7\u00e3o. \u00c9 do tipo de fun\u00e7\u00e3o dupla, que pode ser usado MOTOCULTIVADOR \u00c0 GASOLINA<\/p>\n<p>Equipamento de grande versatilidade, podendo ser usado em diversos tipos de solo em pequenas propriedades, como s\u00edtios, hortas, granjas, solos arenosos e argilosos, campos de arroz, entre outros.<\/p>\n<p>&nbsp;<\/p>\n<p>Dados T\u00e9cnicos<\/p>\n<p>Acompanha rodas e conjunto de corte<\/p>\n<p>Modelo: GMC-7000<\/p>\n<p>C\u00f3digo: 40446.8<\/p>\n<p>Tipo de partida: Manual com 2 marchas<\/p>\n<p>Tipo do motor: 4T<\/p>\n<p>Pot\u00eancia do motor: 7 HP<\/p>\n<p>Sistema de partida: El\u00e9trica<\/p>\n<p>Frequ\u00eancia: 60 Hz<\/p>\n<p>Largura de corte: 770 \u00e0 1050mm<\/p>\n<p>Profundidade de Corte: 150 \u00e0 300mm<\/p>\n<p>Facas: 3&#215;4 cada lado total 24<\/p>\n","protected":false},"excerpt":{"rendered":"<p>O Microtrator Toyama TDWT73, foi projetado para uso frequente, destacando-se pela sua pot\u00eancia, robustez e f\u00e1cil opera\u00e7\u00e3o. \u00c9 do tipo de fun\u00e7\u00e3o dupla, que pode ser usado MOTOCULTIVADOR \u00c0 GASOLINA<\/p>\n<p>Equipamento de grande versatilidade, podendo ser usado em diversos tipos de solo em pequenas propriedades, como s\u00edtios, hortas, granjas, solos arenosos e argilosos, campos de arroz, entre outros.<\/p>\n","protected":false},"featured_media":792,"comment_status":"open","ping_status":"closed","template":"","meta":[],"product_cat":[68,70],"product_tag":[],"_links":{"self":[{"href":"https:\/\/topvalle.com.br\/index.php\/wp-json\/wp\/v2\/product\/791"}],"collection":[{"href":"https:\/\/topvalle.com.br\/index.php\/wp-json\/wp\/v2\/product"}],"about":[{"href":"https:\/\/topvalle.com.br\/index.php\/wp-json\/wp\/v2\/types\/product"}],"replies":[{"embeddable":true,"href":"https:\/\/topvalle.com.br\/index.php\/wp-json\/wp\/v2\/comments?post=791"}],"wp:featuredmedia":[{"embeddable":true,"href":"https:\/\/topvalle.com.br\/index.php\/wp-json\/wp\/v2\/media\/792"}],"wp:attachment":[{"href":"https:\/\/topvalle.com.br\/index.php\/wp-json\/wp\/v2\/media?parent=791"}],"wp:term":[{"taxonomy":"product_cat","embeddable":true,"href":"https:\/\/topvalle.com.br\/index.php\/wp-json\/wp\/v2\/product_cat?post=791"},{"taxonomy":"product_tag","embeddable":true,"href":"https:\/\/topvalle.com.br\/index.php\/wp-json\/wp\/v2\/product_tag?post=791"}],"curies":[{"name":"wp","href":"https:\/\/api.w.org\/{rel}","templated":true}]}}