{"id":801,"date":"2023-04-11T23:17:43","date_gmt":"2023-04-12T02:17:43","guid":{"rendered":"https:\/\/topvalle.com.br\/?post_type=product&#038;p=801"},"modified":"2023-04-11T23:17:44","modified_gmt":"2023-04-12T02:17:44","slug":"perfurador-de-solo-tea61dx-250-gii-2","status":"publish","type":"product","link":"https:\/\/topvalle.com.br\/index.php\/produto\/perfurador-de-solo-tea61dx-250-gii-2\/","title":{"rendered":"PERFURADOR DE SOLO \u2013 TEA61DX-250-GII"},"content":{"rendered":"<p>O Perfurador de Solo Toyama TEA61DX-250 \u00e9 equipado com motor 2 tempos de 60,2cc. A Toyama oferece a melhor op\u00e7\u00e3o do mercado, para quem procura um equipamento de uso profissional, onde 2 operadores possam executar o servi\u00e7o,<\/p>\n<p>Projetado com materiais da mais alta qualidade, o perfurador de solo TEA61DX-250, facilita e agiliza qualquer projeto de escava\u00e7\u00e3o. Resistente, por\u00e9m leve, \u00e9 ideal para perfura\u00e7\u00f5es de solo na silvicultura, na floricultura, na constru\u00e7\u00e3o de cercas, na coleta de materiais para an\u00e1lise de solo, e ainda, para o plantio na agricultura. Este modelo acompanha broca de 250mm de di\u00e2metro.<\/p>\n","protected":false},"excerpt":{"rendered":"<p>O Perfurador de Solo Toyama TEA61DX-250 \u00e9 equipado com motor 2 tempos de 60,2cc. A Toyama oferece a melhor op\u00e7\u00e3o do mercado, para quem procura um equipamento de uso profissional, onde 2 operadores possam executar o servi\u00e7o.<\/p>\n","protected":false},"featured_media":802,"comment_status":"open","ping_status":"closed","template":"","meta":[],"product_cat":[68,71],"product_tag":[],"_links":{"self":[{"href":"https:\/\/topvalle.com.br\/index.php\/wp-json\/wp\/v2\/product\/801"}],"collection":[{"href":"https:\/\/topvalle.com.br\/index.php\/wp-json\/wp\/v2\/product"}],"about":[{"href":"https:\/\/topvalle.com.br\/index.php\/wp-json\/wp\/v2\/types\/product"}],"replies":[{"embeddable":true,"href":"https:\/\/topvalle.com.br\/index.php\/wp-json\/wp\/v2\/comments?post=801"}],"wp:featuredmedia":[{"embeddable":true,"href":"https:\/\/topvalle.com.br\/index.php\/wp-json\/wp\/v2\/media\/802"}],"wp:attachment":[{"href":"https:\/\/topvalle.com.br\/index.php\/wp-json\/wp\/v2\/media?parent=801"}],"wp:term":[{"taxonomy":"product_cat","embeddable":true,"href":"https:\/\/topvalle.com.br\/index.php\/wp-json\/wp\/v2\/product_cat?post=801"},{"taxonomy":"product_tag","embeddable":true,"href":"https:\/\/topvalle.com.br\/index.php\/wp-json\/wp\/v2\/product_tag?post=801"}],"curies":[{"name":"wp","href":"https:\/\/api.w.org\/{rel}","templated":true}]}}