{"id":807,"date":"2023-04-11T23:22:53","date_gmt":"2023-04-12T02:22:53","guid":{"rendered":"https:\/\/topvalle.com.br\/?post_type=product&#038;p=807"},"modified":"2023-04-11T23:22:53","modified_gmt":"2023-04-12T02:22:53","slug":"trp-40-triturador-picador-forrageiro","status":"publish","type":"product","link":"https:\/\/topvalle.com.br\/index.php\/produto\/trp-40-triturador-picador-forrageiro\/","title":{"rendered":"TRP 40 Triturador Picador Forrageiro"},"content":{"rendered":"<p>TRP 40<br \/>\nTriturador Picador Forrageiro<\/p>\n<p>CARACTER\u00cdSTICAS E DIFERENCIAIS<br \/>\nCorpo constru\u00eddo com chapa de 3 mm de espessura.<br \/>\nL\u00e2minas de corte (facas) em a\u00e7o especial.<br \/>\nAcoplamento direto no motor.<br \/>\nChave interruptora bipolar permite isola\u00e7\u00e3o total, independente da posi\u00e7\u00e3o do plugue na tomada.<br \/>\nMotor monof\u00e1sico equipado com seletor de voltagem 127\/220 V.<br \/>\nAcompanha: 1 cavalete e um kit manual.<br \/>\nAcabamento: Todas as pe\u00e7as recebem tratamento anticorrosivo e pintura com tinta a p\u00f3 de poli\u00e9ster polimerizado em estufa a 220 \u00b0C, garantindo maior durabilidade e acabamento.<br \/>\nGarantia: 12 meses (3 meses garantia legal, 9 meses garantia especial TRAPP).<\/p>\n<p>Aplica\u00e7\u00e3o<br \/>\nPicar cana-de-a\u00e7\u00facar, sorgo, milho verde, ramas de mandioca e capins.<\/p>\n","protected":false},"excerpt":{"rendered":"<p>CARACTER\u00cdSTICAS E DIFERENCIAIS<br \/>\nCorpo constru\u00eddo com chapa de 3 mm de espessura.<br \/>\nL\u00e2minas de corte (facas) em a\u00e7o especial.<br \/>\nAcoplamento direto no motor.<br \/>\nChave interruptora bipolar permite isola\u00e7\u00e3o total, independente da posi\u00e7\u00e3o do plugue na tomada.<br \/>\nMotor monof\u00e1sico equipado com seletor de voltagem 127\/220 V.<br \/>\nAcompanha: 1 cavalete e um kit manual.<br \/>\nAcabamento: Todas as pe\u00e7as recebem tratamento anticorrosivo e pintura com tinta a p\u00f3 de poli\u00e9ster polimerizado em estufa a 220 \u00b0C, garantindo maior durabilidade e acabamento.<br \/>\nGarantia: 12 meses (3 meses garantia legal, 9 meses garantia especial TRAPP).<\/p>\n","protected":false},"featured_media":808,"comment_status":"open","ping_status":"closed","template":"","meta":[],"product_cat":[68,73],"product_tag":[],"_links":{"self":[{"href":"https:\/\/topvalle.com.br\/index.php\/wp-json\/wp\/v2\/product\/807"}],"collection":[{"href":"https:\/\/topvalle.com.br\/index.php\/wp-json\/wp\/v2\/product"}],"about":[{"href":"https:\/\/topvalle.com.br\/index.php\/wp-json\/wp\/v2\/types\/product"}],"replies":[{"embeddable":true,"href":"https:\/\/topvalle.com.br\/index.php\/wp-json\/wp\/v2\/comments?post=807"}],"wp:featuredmedia":[{"embeddable":true,"href":"https:\/\/topvalle.com.br\/index.php\/wp-json\/wp\/v2\/media\/808"}],"wp:attachment":[{"href":"https:\/\/topvalle.com.br\/index.php\/wp-json\/wp\/v2\/media?parent=807"}],"wp:term":[{"taxonomy":"product_cat","embeddable":true,"href":"https:\/\/topvalle.com.br\/index.php\/wp-json\/wp\/v2\/product_cat?post=807"},{"taxonomy":"product_tag","embeddable":true,"href":"https:\/\/topvalle.com.br\/index.php\/wp-json\/wp\/v2\/product_tag?post=807"}],"curies":[{"name":"wp","href":"https:\/\/api.w.org\/{rel}","templated":true}]}}