{"id":813,"date":"2023-04-11T23:29:20","date_gmt":"2023-04-12T02:29:20","guid":{"rendered":"https:\/\/topvalle.com.br\/?post_type=product&#038;p=813"},"modified":"2025-03-08T17:12:55","modified_gmt":"2025-03-08T20:12:55","slug":"lavadora-de-alta-pressao-1800-w-tramontina-para-uso-moderado-com-mangueira-alta-pressao-5-m-jato-regulavel-1900-psi-220-v","status":"publish","type":"product","link":"https:\/\/topvalle.com.br\/index.php\/produto\/lavadora-de-alta-pressao-1800-w-tramontina-para-uso-moderado-com-mangueira-alta-pressao-5-m-jato-regulavel-1900-psi-220-v\/","title":{"rendered":"Lavadora de Alta Press\u00e3o 1800 W Tramontina para Uso Moderado com Mangueira Alta Press\u00e3o 5 m Jato Regul\u00e1vel 1900 psi 220 V"},"content":{"rendered":"<p>Se voc\u00ea busca uma lavadora que ofere\u00e7a desempenho e toda a qualidade da Tramontina, voc\u00ea acaba de encontrar: Lavadora de Alta Press\u00e3o Tramontina 1800 W para Uso Moderado com Mangueira Alta Press\u00e3o 5 m Jato Regul\u00e1vel 1900 psi 220 V. Ideal para os mais variados tipos de limpeza, a Lavadora da Tramontina garante economia de at\u00e9 80% de \u00e1gua, se comparada a uma mangueira convencional. E para tornar a sua rotina ainda mais pr\u00e1tica, ela conta com um dispositivo para regulagem da sa\u00edda de \u00e1gua em forma de jato ou leque. Al\u00e9m disso, possui diversos acess\u00f3rios que permitem adequar a lavadora aos mais diferentes usos. Fa\u00e7a bonito na hora da limpeza, escolha a Lavadora Tramontina.<\/p>\n","protected":false},"excerpt":{"rendered":"<p>Se voc\u00ea busca uma lavadora que ofere\u00e7a desempenho e toda a qualidade da Tramontina, voc\u00ea acaba de encontrar: Lavadora de Alta Press\u00e3o<\/p>\n","protected":false},"featured_media":814,"comment_status":"open","ping_status":"closed","template":"","meta":[],"product_cat":[68,74],"product_tag":[],"_links":{"self":[{"href":"https:\/\/topvalle.com.br\/index.php\/wp-json\/wp\/v2\/product\/813"}],"collection":[{"href":"https:\/\/topvalle.com.br\/index.php\/wp-json\/wp\/v2\/product"}],"about":[{"href":"https:\/\/topvalle.com.br\/index.php\/wp-json\/wp\/v2\/types\/product"}],"replies":[{"embeddable":true,"href":"https:\/\/topvalle.com.br\/index.php\/wp-json\/wp\/v2\/comments?post=813"}],"wp:featuredmedia":[{"embeddable":true,"href":"https:\/\/topvalle.com.br\/index.php\/wp-json\/wp\/v2\/media\/814"}],"wp:attachment":[{"href":"https:\/\/topvalle.com.br\/index.php\/wp-json\/wp\/v2\/media?parent=813"}],"wp:term":[{"taxonomy":"product_cat","embeddable":true,"href":"https:\/\/topvalle.com.br\/index.php\/wp-json\/wp\/v2\/product_cat?post=813"},{"taxonomy":"product_tag","embeddable":true,"href":"https:\/\/topvalle.com.br\/index.php\/wp-json\/wp\/v2\/product_tag?post=813"}],"curies":[{"name":"wp","href":"https:\/\/api.w.org\/{rel}","templated":true}]}}