{"id":815,"date":"2023-04-11T23:32:02","date_gmt":"2023-04-12T02:32:02","guid":{"rendered":"https:\/\/topvalle.com.br\/?post_type=product&#038;p=815"},"modified":"2023-04-11T23:32:02","modified_gmt":"2023-04-12T02:32:02","slug":"lavadora-de-alta-pressao-k-3-30-sm-plus-220v","status":"publish","type":"product","link":"https:\/\/topvalle.com.br\/index.php\/produto\/lavadora-de-alta-pressao-k-3-30-sm-plus-220v\/","title":{"rendered":"LAVADORA DE ALTA PRESS\u00c3O K 3.30 SM PLUS (220V)"},"content":{"rendered":"<p>Leve e compacta, a lavadora de alta press\u00e3o K3.30 possui excelente performance de limpeza. Acompanha dois tipos de lan\u00e7as, que proporcionam uma solu\u00e7\u00e3o eficaz para todo tipo de limpeza. Possui Canh\u00e3o de Espuma exclusivo K\u00e4rcher, para uma remo\u00e7\u00e3o da sujeira ainda mais completa. Seu design horizontal e porta-acess\u00f3rios permitem f\u00e1cil armazenamento e organiza\u00e7\u00e3o, e sua al\u00e7a longa e rodas facilitam o transporte. Conta com pistola de alta press\u00e3o ergon\u00f4mica e possui engate r\u00e1pido para facilitar a conex\u00e3o com a mangueira. Utiliza motor de indu\u00e7\u00e3o e cabe\u00e7ote de alum\u00ednio, que aumentam a durabilidade do equipamento, garantindo o melhor desempenho em limpezas frequentes e por um longo per\u00edodo. Com economia de tempo e at\u00e9 80% de \u00e1gua.<\/p>\n","protected":false},"excerpt":{"rendered":"<p>Leve e compacta, a lavadora de alta press\u00e3o K3.30 possui excelente performance de limpeza. Acompanha dois tipos de lan\u00e7as, que proporcionam uma solu\u00e7\u00e3o eficaz para todo tipo de limpeza.<\/p>\n","protected":false},"featured_media":816,"comment_status":"open","ping_status":"closed","template":"","meta":[],"product_cat":[68,74],"product_tag":[],"_links":{"self":[{"href":"https:\/\/topvalle.com.br\/index.php\/wp-json\/wp\/v2\/product\/815"}],"collection":[{"href":"https:\/\/topvalle.com.br\/index.php\/wp-json\/wp\/v2\/product"}],"about":[{"href":"https:\/\/topvalle.com.br\/index.php\/wp-json\/wp\/v2\/types\/product"}],"replies":[{"embeddable":true,"href":"https:\/\/topvalle.com.br\/index.php\/wp-json\/wp\/v2\/comments?post=815"}],"wp:featuredmedia":[{"embeddable":true,"href":"https:\/\/topvalle.com.br\/index.php\/wp-json\/wp\/v2\/media\/816"}],"wp:attachment":[{"href":"https:\/\/topvalle.com.br\/index.php\/wp-json\/wp\/v2\/media?parent=815"}],"wp:term":[{"taxonomy":"product_cat","embeddable":true,"href":"https:\/\/topvalle.com.br\/index.php\/wp-json\/wp\/v2\/product_cat?post=815"},{"taxonomy":"product_tag","embeddable":true,"href":"https:\/\/topvalle.com.br\/index.php\/wp-json\/wp\/v2\/product_tag?post=815"}],"curies":[{"name":"wp","href":"https:\/\/api.w.org\/{rel}","templated":true}]}}