{"id":818,"date":"2023-04-12T08:04:13","date_gmt":"2023-04-12T11:04:13","guid":{"rendered":"https:\/\/topvalle.com.br\/?post_type=product&#038;p=818"},"modified":"2023-04-12T08:04:14","modified_gmt":"2023-04-12T11:04:14","slug":"lavadora-de-alta-pressao-hd-585-220v","status":"publish","type":"product","link":"https:\/\/topvalle.com.br\/index.php\/produto\/lavadora-de-alta-pressao-hd-585-220v\/","title":{"rendered":"LAVADORA DE ALTA PRESS\u00c3O HD 585 (220V)"},"content":{"rendered":"<p>A lavadora de alta press\u00e3o profissional leve K\u00e4rcher modelo HD 585 Prof S disp\u00f5es de uma vaz\u00e3o de 500 l\/h com press\u00e3o de at\u00e9 110 bar. Possui design compacto e robusto, rodas grandes e baixo centro de gravidade, conferindo excelente mobilidade. Possui tubeira e os tr\u00eas pist\u00f5es de sua bomba em a\u00e7o inox o que somados ao seu cabe\u00e7ote lat\u00e3o proporcionam uma maior resist\u00eancia e durabilidade \u00e0 altas press\u00f5es. Conta com mangueira refor\u00e7ada com trama de a\u00e7o, al\u00e7a de transporte, dosador de detergente integrado e espa\u00e7o para armazenar o cabo el\u00e9trico e a mangueira. Possibilidade de suc\u00e7\u00e3o de reservat\u00f3rio. Consagrada como l\u00edder de mercado.<\/p>\n","protected":false},"excerpt":{"rendered":"<p>A lavadora de alta press\u00e3o profissional leve K\u00e4rcher modelo HD 585 Prof S disp\u00f5es de uma vaz\u00e3o de 500 l\/h com press\u00e3o de at\u00e9 110 bar.<\/p>\n","protected":false},"featured_media":819,"comment_status":"open","ping_status":"closed","template":"","meta":[],"product_cat":[68,74],"product_tag":[],"_links":{"self":[{"href":"https:\/\/topvalle.com.br\/index.php\/wp-json\/wp\/v2\/product\/818"}],"collection":[{"href":"https:\/\/topvalle.com.br\/index.php\/wp-json\/wp\/v2\/product"}],"about":[{"href":"https:\/\/topvalle.com.br\/index.php\/wp-json\/wp\/v2\/types\/product"}],"replies":[{"embeddable":true,"href":"https:\/\/topvalle.com.br\/index.php\/wp-json\/wp\/v2\/comments?post=818"}],"wp:featuredmedia":[{"embeddable":true,"href":"https:\/\/topvalle.com.br\/index.php\/wp-json\/wp\/v2\/media\/819"}],"wp:attachment":[{"href":"https:\/\/topvalle.com.br\/index.php\/wp-json\/wp\/v2\/media?parent=818"}],"wp:term":[{"taxonomy":"product_cat","embeddable":true,"href":"https:\/\/topvalle.com.br\/index.php\/wp-json\/wp\/v2\/product_cat?post=818"},{"taxonomy":"product_tag","embeddable":true,"href":"https:\/\/topvalle.com.br\/index.php\/wp-json\/wp\/v2\/product_tag?post=818"}],"curies":[{"name":"wp","href":"https:\/\/api.w.org\/{rel}","templated":true}]}}