{"id":828,"date":"2023-04-12T08:11:26","date_gmt":"2023-04-12T11:11:26","guid":{"rendered":"https:\/\/topvalle.com.br\/?post_type=product&#038;p=828"},"modified":"2023-04-12T08:11:27","modified_gmt":"2023-04-12T11:11:27","slug":"furadeira-de-bancada-e-coluna-rdm-2801f","status":"publish","type":"product","link":"https:\/\/topvalle.com.br\/index.php\/produto\/furadeira-de-bancada-e-coluna-rdm-2801f\/","title":{"rendered":"FURADEIRA DE BANCADA E COLUNA &#8211; RDM-2801F"},"content":{"rendered":"<p>Ideal para uso profissional e semiprofissional para a execu\u00e7\u00e3o de furos em materiais ferrosos e n\u00e3o ferrosos. Utilizada em carpintarias, serralherias, marcenarias, oficinas, entre outros. M\u00e1quina de f\u00e1cil montagem e instala\u00e7\u00e3o.<\/p>\n<p>Dados T\u00e9cnicos<\/p>\n<p>Tens\u00e3o\/C\u00f3digo: 127V Monof\u00e1sico (C\u00f3d.: 5685.7) \/ 220V mono (C\u00f3d.: 5686.5)<\/p>\n<p>220V Trif\u00e1sico (C\u00f3d.: 7605.3) \/ 380V Trif\u00e1sico (C\u00f3d.: 21126.6)<\/p>\n<p>Pot\u00eancia do motor: 1,0 cv<\/p>\n<p>Frequ\u00eancia: 60 Hz<\/p>\n<p>Cap. M\u00e1x. de Fura\u00e7\u00e3o : 19mm<\/p>\n<p>Prof. M\u00e1x. de Fura\u00e7\u00e3o: 80mm<\/p>\n<p>Mandril (pol): B22 3\/4\u201d<\/p>\n<p>Correia: A-26 \/ A-29<\/p>\n<p>N\u00ba de velocidade: 16<\/p>\n","protected":false},"excerpt":{"rendered":"<p>Ideal para uso profissional e semiprofissional para a execu\u00e7\u00e3o de furos em materiais ferrosos e n\u00e3o ferrosos. Utilizada em carpintarias, serralherias, marcenarias, oficinas, entre outros. M\u00e1quina de f\u00e1cil montagem e instala\u00e7\u00e3o.<\/p>\n","protected":false},"featured_media":829,"comment_status":"open","ping_status":"closed","template":"","meta":[],"product_cat":[68,76],"product_tag":[],"_links":{"self":[{"href":"https:\/\/topvalle.com.br\/index.php\/wp-json\/wp\/v2\/product\/828"}],"collection":[{"href":"https:\/\/topvalle.com.br\/index.php\/wp-json\/wp\/v2\/product"}],"about":[{"href":"https:\/\/topvalle.com.br\/index.php\/wp-json\/wp\/v2\/types\/product"}],"replies":[{"embeddable":true,"href":"https:\/\/topvalle.com.br\/index.php\/wp-json\/wp\/v2\/comments?post=828"}],"wp:featuredmedia":[{"embeddable":true,"href":"https:\/\/topvalle.com.br\/index.php\/wp-json\/wp\/v2\/media\/829"}],"wp:attachment":[{"href":"https:\/\/topvalle.com.br\/index.php\/wp-json\/wp\/v2\/media?parent=828"}],"wp:term":[{"taxonomy":"product_cat","embeddable":true,"href":"https:\/\/topvalle.com.br\/index.php\/wp-json\/wp\/v2\/product_cat?post=828"},{"taxonomy":"product_tag","embeddable":true,"href":"https:\/\/topvalle.com.br\/index.php\/wp-json\/wp\/v2\/product_tag?post=828"}],"curies":[{"name":"wp","href":"https:\/\/api.w.org\/{rel}","templated":true}]}}