{"id":838,"date":"2023-04-12T08:19:00","date_gmt":"2023-04-12T11:19:00","guid":{"rendered":"https:\/\/topvalle.com.br\/?post_type=product&#038;p=838"},"modified":"2023-04-12T08:19:00","modified_gmt":"2023-04-12T11:19:00","slug":"800","status":"publish","type":"product","link":"https:\/\/topvalle.com.br\/index.php\/produto\/800\/","title":{"rendered":"800"},"content":{"rendered":"<p>Com grande eleva\u00e7\u00e3o e press\u00e3o, esta bomba surpreende. Altamente eficiente, caracteriza-se pelo excelente rendimento e durabilidade. Perfeita para o abastecimento de \u00e1gua e para pequenas irriga\u00e7\u00f5es de agricultura familiar e cria\u00e7\u00e3o de animais.<\/p>\n","protected":false},"excerpt":{"rendered":"<p>Com grande eleva\u00e7\u00e3o e press\u00e3o, esta bomba surpreende. Altamente eficiente, caracteriza-se pelo excelente rendimento e durabilidade.<\/p>\n","protected":false},"featured_media":839,"comment_status":"open","ping_status":"closed","template":"","meta":[],"product_cat":[68,81],"product_tag":[],"_links":{"self":[{"href":"https:\/\/topvalle.com.br\/index.php\/wp-json\/wp\/v2\/product\/838"}],"collection":[{"href":"https:\/\/topvalle.com.br\/index.php\/wp-json\/wp\/v2\/product"}],"about":[{"href":"https:\/\/topvalle.com.br\/index.php\/wp-json\/wp\/v2\/types\/product"}],"replies":[{"embeddable":true,"href":"https:\/\/topvalle.com.br\/index.php\/wp-json\/wp\/v2\/comments?post=838"}],"wp:featuredmedia":[{"embeddable":true,"href":"https:\/\/topvalle.com.br\/index.php\/wp-json\/wp\/v2\/media\/839"}],"wp:attachment":[{"href":"https:\/\/topvalle.com.br\/index.php\/wp-json\/wp\/v2\/media?parent=838"}],"wp:term":[{"taxonomy":"product_cat","embeddable":true,"href":"https:\/\/topvalle.com.br\/index.php\/wp-json\/wp\/v2\/product_cat?post=838"},{"taxonomy":"product_tag","embeddable":true,"href":"https:\/\/topvalle.com.br\/index.php\/wp-json\/wp\/v2\/product_tag?post=838"}],"curies":[{"name":"wp","href":"https:\/\/api.w.org\/{rel}","templated":true}]}}