{"id":840,"date":"2023-04-12T08:20:16","date_gmt":"2023-04-12T11:20:16","guid":{"rendered":"https:\/\/topvalle.com.br\/?post_type=product&#038;p=840"},"modified":"2026-02-28T11:58:00","modified_gmt":"2026-02-28T14:58:00","slug":"bomba-submersa-vibratoria-movida-a-energia-solar-fotovoltaica","status":"publish","type":"product","link":"https:\/\/topvalle.com.br\/index.php\/produto\/bomba-submersa-vibratoria-movida-a-energia-solar-fotovoltaica\/","title":{"rendered":"Bomba submersa vibrat\u00f3ria movida a energia solar (fotovoltaica)"},"content":{"rendered":"<p>Bomba para eleva\u00e7\u00e3o m\u00e1xima 40 metros. A energia el\u00e9trica proveniente do m\u00f3dulo solar \u00e9 fornecida atrav\u00e9s do driver, que proporciona maiores vaz\u00f5es com baixa pot\u00eancia e um bombeamento independente das flutua\u00e7\u00f5es do n\u00edvel de radia\u00e7\u00e3o solar, permitindo que a bomba opere em dias nublados, sem o uso de baterias. A bomba trabalha submersa, sendo sustentada pela mangueira de recalque.<\/p>\n","protected":false},"excerpt":{"rendered":"<p>Bomba para eleva\u00e7\u00e3o m\u00e1xima 40 metros. A energia el\u00e9trica proveniente do m\u00f3dulo solar \u00e9 fornecida atrav\u00e9s do driver, que proporciona maiores vaz\u00f5es com baixa pot\u00eancia e um bombeamento independente das flutua\u00e7\u00f5es do n\u00edvel de radia\u00e7\u00e3o solar, permitindo que a bomba opere em dias nublados, sem o uso de baterias. A bomba trabalha submersa, sendo sustentada pela mangueira de recalque.<\/p>\n","protected":false},"featured_media":841,"comment_status":"open","ping_status":"closed","template":"","meta":[],"product_cat":[68,81],"product_tag":[],"_links":{"self":[{"href":"https:\/\/topvalle.com.br\/index.php\/wp-json\/wp\/v2\/product\/840"}],"collection":[{"href":"https:\/\/topvalle.com.br\/index.php\/wp-json\/wp\/v2\/product"}],"about":[{"href":"https:\/\/topvalle.com.br\/index.php\/wp-json\/wp\/v2\/types\/product"}],"replies":[{"embeddable":true,"href":"https:\/\/topvalle.com.br\/index.php\/wp-json\/wp\/v2\/comments?post=840"}],"wp:featuredmedia":[{"embeddable":true,"href":"https:\/\/topvalle.com.br\/index.php\/wp-json\/wp\/v2\/media\/841"}],"wp:attachment":[{"href":"https:\/\/topvalle.com.br\/index.php\/wp-json\/wp\/v2\/media?parent=840"}],"wp:term":[{"taxonomy":"product_cat","embeddable":true,"href":"https:\/\/topvalle.com.br\/index.php\/wp-json\/wp\/v2\/product_cat?post=840"},{"taxonomy":"product_tag","embeddable":true,"href":"https:\/\/topvalle.com.br\/index.php\/wp-json\/wp\/v2\/product_tag?post=840"}],"curies":[{"name":"wp","href":"https:\/\/api.w.org\/{rel}","templated":true}]}}