{"id":849,"date":"2023-04-12T08:26:41","date_gmt":"2023-04-12T11:26:41","guid":{"rendered":"https:\/\/topvalle.com.br\/?post_type=product&#038;p=849"},"modified":"2023-04-12T08:26:42","modified_gmt":"2023-04-12T11:26:42","slug":"aquecedores-de-hidromassagem-kdt","status":"publish","type":"product","link":"https:\/\/topvalle.com.br\/index.php\/produto\/aquecedores-de-hidromassagem-kdt\/","title":{"rendered":"AQUECEDORES DE HIDROMASSAGEM KDT"},"content":{"rendered":"<p>AQUECE A \u00c1GUA E MANT\u00c9M A TEMPERATURA<br \/>\n\u00danico aquecedor Hidromassagem com esta sofistica\u00e7\u00e3o e tecnologia, que al\u00e9m de aquecer a \u00e1gua, mant\u00e9m automaticamente a temperatura escolhida durante todo o banho. N\u00e3o \u00e9 preciso ficar ligando\/desligando o Aquecedor para regular a temperatura da \u00e1gua, assim voc\u00ea pode aproveitar ao m\u00e1ximo, garantindo um banho de hidro confort\u00e1vel e relaxante.<\/p>\n<p>PROTE\u00c7\u00c3O E RAPIDEZ<br \/>\nA Tecnologia KDT protege a hidromassagem e o Aquecedor para que jamais sejam ligados com a banheira vazia, o que danificaria ambos. \u00c9 o mais r\u00e1pido para aquecer toda a \u00e1gua da banheira, e n\u00e3o reduz a press\u00e3o dos jatos d\u2019\u00e1gua. Possui Resist\u00eancia Blindada.<\/p>\n<p>COMANDO LIGA\/DESLIGA DA HIDROMASSAGEM<br \/>\nComando liga\/desliga a Hidromassagem no pr\u00f3prio Controle Remoto instalado em 1 caixa de luz (2\u201dx4\u201d) evitando furar a banheira para instala\u00e7\u00e3o de dispositivo pneum\u00e1tico para esse fim, proporcionando um acabamento incompar\u00e1vel, com mais seguran\u00e7a e comodidade.<\/p>\n<p>ALTO PADR\u00c3O DE ACABAMENTO, COM RESPONSABILIDADE<br \/>\nA qualidade de acabamento e materiais utilizados, aliados \u00e0 alta tecnologia e preocupa\u00e7\u00e3o com o meio ambiente \u00e9 um compromisso da KDT com seus clientes e com nosso planeta. Estamos constantemente \u00e0 procura de novos materiais e solu\u00e7\u00f5es sustent\u00e1veis para um futuro melhor.<\/p>\n","protected":false},"excerpt":{"rendered":"<p>AQUECE A \u00c1GUA E MANT\u00c9M A TEMPERATURA<br \/>\n\u00danico aquecedor Hidromassagem com esta sofistica\u00e7\u00e3o e tecnologia, que al\u00e9m de aquecer a \u00e1gua, mant\u00e9m automaticamente a temperatura escolhida durante todo o banho. N\u00e3o \u00e9 preciso ficar ligando\/desligando o Aquecedor para regular a temperatura da \u00e1gua, assim voc\u00ea pode aproveitar ao m\u00e1ximo, garantindo um banho de hidro confort\u00e1vel e relaxante.<\/p>\n","protected":false},"featured_media":850,"comment_status":"open","ping_status":"closed","template":"","meta":[],"product_cat":[84,82],"product_tag":[],"_links":{"self":[{"href":"https:\/\/topvalle.com.br\/index.php\/wp-json\/wp\/v2\/product\/849"}],"collection":[{"href":"https:\/\/topvalle.com.br\/index.php\/wp-json\/wp\/v2\/product"}],"about":[{"href":"https:\/\/topvalle.com.br\/index.php\/wp-json\/wp\/v2\/types\/product"}],"replies":[{"embeddable":true,"href":"https:\/\/topvalle.com.br\/index.php\/wp-json\/wp\/v2\/comments?post=849"}],"wp:featuredmedia":[{"embeddable":true,"href":"https:\/\/topvalle.com.br\/index.php\/wp-json\/wp\/v2\/media\/850"}],"wp:attachment":[{"href":"https:\/\/topvalle.com.br\/index.php\/wp-json\/wp\/v2\/media?parent=849"}],"wp:term":[{"taxonomy":"product_cat","embeddable":true,"href":"https:\/\/topvalle.com.br\/index.php\/wp-json\/wp\/v2\/product_cat?post=849"},{"taxonomy":"product_tag","embeddable":true,"href":"https:\/\/topvalle.com.br\/index.php\/wp-json\/wp\/v2\/product_tag?post=849"}],"curies":[{"name":"wp","href":"https:\/\/api.w.org\/{rel}","templated":true}]}}