{"id":853,"date":"2023-04-12T08:29:45","date_gmt":"2023-04-12T11:29:45","guid":{"rendered":"https:\/\/topvalle.com.br\/?post_type=product&#038;p=853"},"modified":"2023-04-12T08:29:46","modified_gmt":"2023-04-12T11:29:46","slug":"aquecedor-individual-inox","status":"publish","type":"product","link":"https:\/\/topvalle.com.br\/index.php\/produto\/aquecedor-individual-inox\/","title":{"rendered":"AQUECEDOR INDIVIDUAL INOX"},"content":{"rendered":"<p>Os Aquecedores Individuais Inox foram desenvolvidos para uma grande variedade de aplica\u00e7\u00f5es. Devido a sua versatilidade e pequenas dimens\u00f5es, pode ser instalado diretamente no ponto de uso (pia, lavat\u00f3rio, bid\u00ea, etc.) ou onde se necessitar \u00e1gua quente. Sendo totalmente autom\u00e1tico, liga somente quando se abre o registro de \u00e1gua a ele conectado, aquecendo a \u00e1gua instantaneamente. \u00c9 de f\u00e1cil instala\u00e7\u00e3o, podendo ser usado com um s\u00f3 registro de \u00e1gua ou com um conjunto misturador.<\/p>\n","protected":false},"excerpt":{"rendered":"<p>Os Aquecedores Individuais Inox foram desenvolvidos para uma grande variedade de aplica\u00e7\u00f5es. Devido a sua versatilidade e pequenas dimens\u00f5es, pode ser instalado diretamente no ponto de uso (pia, lavat\u00f3rio, bid\u00ea, etc.) ou onde se necessitar \u00e1gua quente.<\/p>\n","protected":false},"featured_media":854,"comment_status":"open","ping_status":"closed","template":"","meta":[],"product_cat":[85,82],"product_tag":[],"_links":{"self":[{"href":"https:\/\/topvalle.com.br\/index.php\/wp-json\/wp\/v2\/product\/853"}],"collection":[{"href":"https:\/\/topvalle.com.br\/index.php\/wp-json\/wp\/v2\/product"}],"about":[{"href":"https:\/\/topvalle.com.br\/index.php\/wp-json\/wp\/v2\/types\/product"}],"replies":[{"embeddable":true,"href":"https:\/\/topvalle.com.br\/index.php\/wp-json\/wp\/v2\/comments?post=853"}],"wp:featuredmedia":[{"embeddable":true,"href":"https:\/\/topvalle.com.br\/index.php\/wp-json\/wp\/v2\/media\/854"}],"wp:attachment":[{"href":"https:\/\/topvalle.com.br\/index.php\/wp-json\/wp\/v2\/media?parent=853"}],"wp:term":[{"taxonomy":"product_cat","embeddable":true,"href":"https:\/\/topvalle.com.br\/index.php\/wp-json\/wp\/v2\/product_cat?post=853"},{"taxonomy":"product_tag","embeddable":true,"href":"https:\/\/topvalle.com.br\/index.php\/wp-json\/wp\/v2\/product_tag?post=853"}],"curies":[{"name":"wp","href":"https:\/\/api.w.org\/{rel}","templated":true}]}}