{"id":857,"date":"2023-04-12T08:32:32","date_gmt":"2023-04-12T11:32:32","guid":{"rendered":"https:\/\/topvalle.com.br\/?post_type=product&#038;p=857"},"modified":"2023-04-12T08:32:32","modified_gmt":"2023-04-12T11:32:32","slug":"duchas-inteligentes-digitais","status":"publish","type":"product","link":"https:\/\/topvalle.com.br\/index.php\/produto\/duchas-inteligentes-digitais\/","title":{"rendered":"DUCHAS INTELIGENTES DIGITAIS"},"content":{"rendered":"<p><strong>CONSUMO INTELIGENTE DE ENERGIA E ECONOMIA DE \u00c1GUA<\/strong><br \/>\nGra\u00e7as \u00e0 nossa tecnologia, as Duchas Inteligentes utilizar\u00e3o sempre o m\u00ednimo de energia para aquecer a \u00e1gua na temperatura que voc\u00ea escolheu para tomar seu banho.<br \/>\nEx: Se a \u00e1gua da caixa est\u00e1 a 30\u00b0C e voc\u00ea programou seu banho para umatemperatura de 37\u00b0C o consumo ser\u00e1 somente para aquecer essa diferen\u00e7a de 7\u00b0C.<\/p>\n<p><strong>PARCEIRA IDEAL DE QUALQUER TIPO DE AQUECIMENTO<\/strong><br \/>\nA Ducha ligar\u00e1 automaticamente quando o sistema aquecimento n\u00e3o for capaz de aquecer a \u00e1gua na temperatura desejada. Essa caracter\u00edstica proporciona grande economia de energia, pois a utiliza somente quando for necess\u00e1rio.<\/p>\n<p><strong>CONTROLE AUTOM\u00c1TICO DE TEMPERATURA<\/strong><br \/>\n\u00danica no mercado com a op\u00e7\u00e3o de escolher e manter a temperatura da \u00e1gua, para que seu banho seja agrad\u00e1vel e econ\u00f4mico.<\/p>\n<p>Atrav\u00e9s do Controle Digital, voc\u00ea programa a temperatura de grau em grau, at\u00e9 52\u00b0C, podendo alter\u00e1-la durante o banho com total seguran\u00e7a. Se resolver alterar a temperatura programada ou a vaz\u00e3o (volume de \u00e1gua) durante o banho, em segundos nosso equipamento se adaptar\u00e1 \u00e0 nova condi\u00e7\u00e3o, mantendo a temperatura escolhida.<\/p>\n<p>Obs.: No Controle Remoto Digital voc\u00ea visualiza a temperatura da \u00e1gua na entrada do aparelho, o consumo de \u00e1gua e o tempo de banho, al\u00e9m de poder controlar a pot\u00eancia m\u00e1xima utilizada em seu aparelho.<\/p>\n<p><strong>UM SHOW DE BANHO<\/strong><br \/>\nCom design exclusivo e resist\u00eancia extremamente silenciosa, a Ducha Inteligente KDT proporciona uma sensa\u00e7\u00e3o de relaxamento e prazer. Um verdadeiro show de banho!<\/p>\n<p><strong>DESVIADOR (OPCIONAL)<\/strong><br \/>\nCom o Desviador KDT voc\u00ea tem o controle do banho em suas m\u00e3os. Desvia totalmente a \u00e1gua para o chuveirinho ou a para a ducha, sem vazamentos desconfort\u00e1veis.<\/p>\n<p><strong>ALTO PADR\u00c3O DE ACABAMENTO COM RESPONSABILIDADE<\/strong><br \/>\nA qualidade de acabamento e materiais utilizados, aliados \u00e0 alta tecnologia e preocupa\u00e7\u00e3o com o meio ambiente \u00e9 um compromisso da KDT com seus clientes e com nosso planeta. Estamos constantemente \u00e0 procura de novos materiais e solu\u00e7\u00f5es sustent\u00e1veis para um futuro melhor.<\/p>\n<p><strong>INFORMA\u00c7\u00d5ES T\u00c9CNICAS<\/strong><br \/>\nNossas Duchas est\u00e3o em conformidade com a Norma NBR 12090 (corrente de fuga),para utiliza\u00e7\u00e3o com resistividade superior \u00e0 3000 ohm x cm. Al\u00e9m de ter seu desempenho aprovado pelo INMETRO, estando em conformidade com o Programa Brasileiro de Etiquetagem.<\/p>\n<p>Grau de Prote\u00e7\u00e3o do Inv\u00f3lucro IP24, conforme Norma NBR 6146 (Inv\u00f3lucros de Equipamentos El\u00e9tricos).<\/p>\n","protected":false},"excerpt":{"rendered":"<p><strong>CONSUMO INTELIGENTE DE ENERGIA E ECONOMIA DE \u00c1GUA<\/strong><br \/>\nGra\u00e7as \u00e0 nossa tecnologia, as Duchas Inteligentes utilizar\u00e3o sempre o m\u00ednimo de energia para aquecer a \u00e1gua na temperatura que voc\u00ea escolheu para tomar seu banho.<br \/>\nEx: Se a \u00e1gua da caixa est\u00e1 a 30\u00b0C e voc\u00ea programou seu banho para umatemperatura de 37\u00b0C o consumo ser\u00e1 somente para aquecer essa diferen\u00e7a de 7\u00b0C.<\/p>\n","protected":false},"featured_media":858,"comment_status":"open","ping_status":"closed","template":"","meta":[],"product_cat":[82,86],"product_tag":[],"_links":{"self":[{"href":"https:\/\/topvalle.com.br\/index.php\/wp-json\/wp\/v2\/product\/857"}],"collection":[{"href":"https:\/\/topvalle.com.br\/index.php\/wp-json\/wp\/v2\/product"}],"about":[{"href":"https:\/\/topvalle.com.br\/index.php\/wp-json\/wp\/v2\/types\/product"}],"replies":[{"embeddable":true,"href":"https:\/\/topvalle.com.br\/index.php\/wp-json\/wp\/v2\/comments?post=857"}],"wp:featuredmedia":[{"embeddable":true,"href":"https:\/\/topvalle.com.br\/index.php\/wp-json\/wp\/v2\/media\/858"}],"wp:attachment":[{"href":"https:\/\/topvalle.com.br\/index.php\/wp-json\/wp\/v2\/media?parent=857"}],"wp:term":[{"taxonomy":"product_cat","embeddable":true,"href":"https:\/\/topvalle.com.br\/index.php\/wp-json\/wp\/v2\/product_cat?post=857"},{"taxonomy":"product_tag","embeddable":true,"href":"https:\/\/topvalle.com.br\/index.php\/wp-json\/wp\/v2\/product_tag?post=857"}],"curies":[{"name":"wp","href":"https:\/\/api.w.org\/{rel}","templated":true}]}}