{"id":865,"date":"2023-04-12T08:37:28","date_gmt":"2023-04-12T11:37:28","guid":{"rendered":"https:\/\/topvalle.com.br\/?post_type=product&#038;p=865"},"modified":"2023-04-12T08:37:28","modified_gmt":"2023-04-12T11:37:28","slug":"ducha-higienica-4t","status":"publish","type":"product","link":"https:\/\/topvalle.com.br\/index.php\/produto\/ducha-higienica-4t\/","title":{"rendered":"DUCHA HIGI\u00caNICA 4T"},"content":{"rendered":"<p>A Ducha Higi\u00eanica 4T foi desenvolvida para uma grande variedade de aplica\u00e7\u00f5es, no banheiro para higiene pessoal (na substitui\u00e7\u00e3o do bid\u00ea) ou no uso em Sal\u00f5es de Beleza e Pet Shops.<br \/>\nDevido a sua versatilidade e pequenas dimens\u00f5es, pode ser instalada diretamente no ponto de uso ou onde se necessitar \u00e1gua quente, evitando o desperd\u00edcio de \u00e1gua.<\/p>\n","protected":false},"excerpt":{"rendered":"<p>A Ducha Higi\u00eanica 4T foi desenvolvida para uma grande variedade de aplica\u00e7\u00f5es, no banheiro para higiene pessoal (na substitui\u00e7\u00e3o do bid\u00ea) ou no uso em Sal\u00f5es de Beleza e Pet Shops.<br \/>\nDevido a sua versatilidade e pequenas dimens\u00f5es, pode ser instalada diretamente no ponto de uso ou onde se necessitar \u00e1gua quente, evitando o desperd\u00edcio de \u00e1gua.<\/p>\n","protected":false},"featured_media":866,"comment_status":"open","ping_status":"closed","template":"","meta":[],"product_cat":[82,87],"product_tag":[],"_links":{"self":[{"href":"https:\/\/topvalle.com.br\/index.php\/wp-json\/wp\/v2\/product\/865"}],"collection":[{"href":"https:\/\/topvalle.com.br\/index.php\/wp-json\/wp\/v2\/product"}],"about":[{"href":"https:\/\/topvalle.com.br\/index.php\/wp-json\/wp\/v2\/types\/product"}],"replies":[{"embeddable":true,"href":"https:\/\/topvalle.com.br\/index.php\/wp-json\/wp\/v2\/comments?post=865"}],"wp:featuredmedia":[{"embeddable":true,"href":"https:\/\/topvalle.com.br\/index.php\/wp-json\/wp\/v2\/media\/866"}],"wp:attachment":[{"href":"https:\/\/topvalle.com.br\/index.php\/wp-json\/wp\/v2\/media?parent=865"}],"wp:term":[{"taxonomy":"product_cat","embeddable":true,"href":"https:\/\/topvalle.com.br\/index.php\/wp-json\/wp\/v2\/product_cat?post=865"},{"taxonomy":"product_tag","embeddable":true,"href":"https:\/\/topvalle.com.br\/index.php\/wp-json\/wp\/v2\/product_tag?post=865"}],"curies":[{"name":"wp","href":"https:\/\/api.w.org\/{rel}","templated":true}]}}